{"id":19,"date":"2018-09-28T23:43:59","date_gmt":"2018-09-28T23:43:59","guid":{"rendered":"http:\/\/bigband-oetisheim.de\/?page_id=19"},"modified":"2025-02-12T08:37:12","modified_gmt":"2025-02-12T08:37:12","slug":"das-grosse-jubilaeumskonzert-20-10-2018","status":"publish","type":"page","link":"http:\/\/bigband-oetisheim.de\/","title":{"rendered":"Konzert der Musikfreunde"},"content":{"rendered":"\n<div class=\"wp-block-group is-vertical is-layout-flex wp-container-core-group-is-layout-8cf370e7 wp-block-group-is-layout-flex\">\n<p><strong>am 10.12.2024  fand erneut unser festliches Adventkonzert<\/strong><\/p>\n\n\n\n<p><strong>in der<\/strong> <strong>alten Kelter \u00d6tisheim<\/strong> statt.<\/p>\n<\/div>\n\n\n\n<p><\/p>\n\n\n\n<p><\/p>\n\n\n\n<p><\/p>\n\n\n\n<p>Wir proben immer Mittwochs 20Uhr in der Erlentalhalle.<br>G\u00e4ste sind herzlich willkommen.<\/p>\n\n\n\n<p><\/p>\n\n\n\n<p><\/p>\n\n\n\n<p><\/p>\n\n\n\n<hr class=\"wp-block-separator has-css-opacity\"\/>\n\n\n\n<div class=\"wp-block-media-text is-stacked-on-mobile\"><figure class=\"wp-block-media-text__media\"><\/figure><div class=\"wp-block-media-text__content\">\n<p><\/p>\n<\/div><\/div>\n\n\n\n<p style=\"font-size:24px\"><\/p>\n\n\n\n<p><\/p>\n\n\n\n<hr class=\"wp-block-separator has-css-opacity\"\/>\n\n\n\n<p class=\"has-text-align-center has-background\" style=\"background-color:#ecc199;font-size:28px\">Musikfreunde \u00d6tisheim: die Events 2025 werden noch mitgeteilt<\/p>\n\n\n\n<p><br><\/p>\n\n\n\n<p class=\"has-text-align-center has-background\" style=\"background-color:#ecc199;font-size:28px\">2022<br><\/p>\n\n\n\n<p>Sonntag, 17.7.2022 &#8211; gute Unterhaltung mit den Musikfreunden \u00d6tisheim von 12 &#8211; 15 Uhr beim Naturfreundehaus \u00d6tisheim am Barfu\u00dfpark<\/p>\n\n\n\n<p>13.12.2022 &#8211; festliches Adventkonzert in der alten Kelter \u00d6tisheim<\/p>\n\n\n\n<p class=\"has-text-align-center has-background\" style=\"background-color:#ecc199;font-size:28px\">   Events 2019:<\/p>\n\n\n\n<p class=\"has-text-align-center has-background\" style=\"background-color:#f7dbc0;font-size:27px\">Festliches Advent-Konzert am 10.12.2019<br>in der historischen Kelter \u00d6tisheim <\/p>\n\n\n\n<hr class=\"wp-block-separator has-css-opacity\"\/>\n\n\n\n<p class=\"has-text-align-center\" style=\"font-size:30px\"> <strong>&#8212;&#8212;&#8212;&#8212;&#8212;&#8212;&#8212;&#8212;&#8212;&#8212;&#8212;&#8212;&#8211;<\/strong><\/p>\n\n\n\n<p><\/p>\n\n\n\n<p class=\"has-text-align-center\" style=\"font-size:26px\"><strong> \u00d6tisheimer Marktplatzfest<\/strong>  <strong>19.7.2019<\/strong> <\/p>\n\n\n\n<p>Gro\u00dfen Anklang fand erneut das Konzert der Musikfreunde \u00d6tisheim. Bei guter Witterung und perfekter Bewirtung durch die \u00d6tisheimer Vereineerlebten wir alle einen unterhaltsamen Abend.<\/p>\n\n\n\n<p>Im Vorprogramm spielt die Jugendkapelle des Musikvereins \u00d6tisheim mit denen die Musikfreunde danach auch noch zwei Titel in gro\u00dfer Besetzung zum Besten gaben.<\/p>\n\n\n\n<p><\/p>\n\n\n\n<h3 class=\"wp-block-heading\"><\/h3>\n\n\n\n<p class=\"has-text-align-center\" style=\"font-size:24px\"><strong>&#8212;&#8212;&#8212;&#8212;&#8212;&#8212;&#8212;&#8212;&#8212;&#8212;&#8212;&#8212;&#8212;&#8212;&#8212;&#8212;&#8212;&#8212;&#8211;<\/strong><br><strong>2018<\/strong><br>Zu unserem 25j\u00e4hrigen Jubil\u00e4um  bedanken uns bei unserem tollen Publikum, es war&nbsp;ein sehr sch\u00f6nes&nbsp;Jubil\u00e4umskonzert am 20.10.2018<br>in der Erlentalhalle, \u00d6tisheim<\/p>\n\n\n\n<p><\/p>\n\n\n\n<p><\/p>\n\n\n\n<hr class=\"wp-block-separator has-css-opacity\"\/>\n","protected":false},"excerpt":{"rendered":"<p>am 10.12.2024 fand erneut unser festliches Adventkonzert in der alten Kelter \u00d6tisheim statt. Wir proben immer Mittwochs 20Uhr in der Erlentalhalle.G\u00e4ste sind herzlich willkommen. Musikfreunde \u00d6tisheim: die Events 2025 werden noch mitgeteilt 2022 Sonntag, 17.7.2022 &#8211; gute Unterhaltung mit den Musikfreunden \u00d6tisheim von 12 &#8211; 15 Uhr beim Naturfreundehaus \u00d6tisheim am Barfu\u00dfpark 13.12.2022 &#8211; festliches&#8230;<\/p>\n","protected":false},"author":1,"featured_media":0,"parent":0,"menu_order":0,"comment_status":"closed","ping_status":"closed","template":"","meta":{"footnotes":""},"class_list":["post-19","page","type-page","status-publish","hentry"],"_links":{"self":[{"href":"http:\/\/bigband-oetisheim.de\/index.php?rest_route=\/wp\/v2\/pages\/19","targetHints":{"allow":["GET"]}}],"collection":[{"href":"http:\/\/bigband-oetisheim.de\/index.php?rest_route=\/wp\/v2\/pages"}],"about":[{"href":"http:\/\/bigband-oetisheim.de\/index.php?rest_route=\/wp\/v2\/types\/page"}],"author":[{"embeddable":true,"href":"http:\/\/bigband-oetisheim.de\/index.php?rest_route=\/wp\/v2\/users\/1"}],"replies":[{"embeddable":true,"href":"http:\/\/bigband-oetisheim.de\/index.php?rest_route=%2Fwp%2Fv2%2Fcomments&post=19"}],"version-history":[{"count":23,"href":"http:\/\/bigband-oetisheim.de\/index.php?rest_route=\/wp\/v2\/pages\/19\/revisions"}],"predecessor-version":[{"id":343,"href":"http:\/\/bigband-oetisheim.de\/index.php?rest_route=\/wp\/v2\/pages\/19\/revisions\/343"}],"wp:attachment":[{"href":"http:\/\/bigband-oetisheim.de\/index.php?rest_route=%2Fwp%2Fv2%2Fmedia&parent=19"}],"curies":[{"name":"wp","href":"https:\/\/api.w.org\/{rel}","templated":true}]}}

<div class="wp-block-group is-vertical is-layout-flex wp-container-core-group-is-layout-8cf370e7 wp-block-group-is-layout-flex">
<p><strong>am 10.12.2024  fand erneut unser festliches Adventkonzert</strong></p>



<p><strong>in der</strong> <strong>alten Kelter Ötisheim</strong> statt.</p>
</div>



<p></p>



<p></p>



<p></p>



<p>Wir proben immer Mittwochs 20Uhr in der Erlentalhalle.<br>Gäste sind herzlich willkommen.</p>



<p></p>



<p></p>



<p></p>



<hr class="wp-block-separator has-css-opacity"/>



<div class="wp-block-media-text is-stacked-on-mobile"><figure class="wp-block-media-text__media"></figure><div class="wp-block-media-text__content">
<p></p>
</div></div>



<p style="font-size:24px"></p>



<p></p>



<hr class="wp-block-separator has-css-opacity"/>



<p class="has-text-align-center has-background" style="background-color:#ecc199;font-size:28px">Musikfreunde Ötisheim: die Events 2025 werden noch mitgeteilt</p>



<p><br></p>



<p class="has-text-align-center has-background" style="background-color:#ecc199;font-size:28px">2022<br></p>



<p>Sonntag, 17.7.2022 &#8211; gute Unterhaltung mit den Musikfreunden Ötisheim von 12 &#8211; 15 Uhr beim Naturfreundehaus Ötisheim am Barfußpark</p>



<p>13.12.2022 &#8211; festliches Adventkonzert in der alten Kelter Ötisheim</p>



<p class="has-text-align-center has-background" style="background-color:#ecc199;font-size:28px">   Events 2019:</p>



<p class="has-text-align-center has-background" style="background-color:#f7dbc0;font-size:27px">Festliches Advent-Konzert am 10.12.2019<br>in der historischen Kelter Ötisheim </p>



<hr class="wp-block-separator has-css-opacity"/>



<p class="has-text-align-center" style="font-size:30px"> <strong>&#8212;&#8212;&#8212;&#8212;&#8212;&#8212;&#8212;&#8212;&#8212;&#8212;&#8212;&#8212;&#8211;</strong></p>



<p></p>



<p class="has-text-align-center" style="font-size:26px"><strong> Ötisheimer Marktplatzfest</strong>  <strong>19.7.2019</strong> </p>



<p>Großen Anklang fand erneut das Konzert der Musikfreunde Ötisheim. Bei guter Witterung und perfekter Bewirtung durch die Ötisheimer Vereineerlebten wir alle einen unterhaltsamen Abend.</p>



<p>Im Vorprogramm spielt die Jugendkapelle des Musikvereins Ötisheim mit denen die Musikfreunde danach auch noch zwei Titel in großer Besetzung zum Besten gaben.</p>



<p></p>



<h3 class="wp-block-heading"></h3>



<p class="has-text-align-center" style="font-size:24px"><strong>&#8212;&#8212;&#8212;&#8212;&#8212;&#8212;&#8212;&#8212;&#8212;&#8212;&#8212;&#8212;&#8212;&#8212;&#8212;&#8212;&#8212;&#8212;&#8211;</strong><br><strong>2018</strong><br>Zu unserem 25jährigen Jubiläum  bedanken uns bei unserem tollen Publikum, es war&nbsp;ein sehr schönes&nbsp;Jubiläumskonzert am 20.10.2018<br>in der Erlentalhalle, Ötisheim</p>



<p></p>



<p></p>



<hr class="wp-block-separator has-css-opacity"/>

<p>am 10.12.2024 fand erneut unser festliches Adventkonzert in der alten Kelter Ötisheim statt. Wir proben immer Mittwochs 20Uhr in der Erlentalhalle.Gäste sind herzlich willkommen. Musikfreunde Ötisheim: die Events 2025 werden noch mitgeteilt 2022 Sonntag, 17.7.2022 &#8211; gute Unterhaltung mit den Musikfreunden Ötisheim von 12 &#8211; 15 Uhr beim Naturfreundehaus Ötisheim am Barfußpark 13.12.2022 &#8211; festliches&#8230;</p>
