{"id":107,"date":"2018-10-12T04:10:50","date_gmt":"2018-10-12T04:10:50","guid":{"rendered":"http:\/\/bigband-oetisheim.de\/?page_id=107"},"modified":"2025-02-12T12:09:09","modified_gmt":"2025-02-12T12:09:09","slug":"tischverkauf","status":"publish","type":"page","link":"http:\/\/bigband-oetisheim.de\/?page_id=107","title":{"rendered":"BasarTeamAize: nach den Wirren der Corona-Zeit haben wir uns entschlossen, den Second-Hand-Basar nicht weiter zu f\u00fchren."},"content":{"rendered":"\n<p><strong>Wir danken allen Freunden f\u00fcr die rege Beteiligung. Vielleicht kommt noch einmal eine Gelegenheit, dieses Format wieder aufzunehmen. <\/strong><\/p>\n\n\n\n<p><strong>Bei Interesse und f\u00fcr Anregungen schreibt eine E-Mail an: <br><a href=\"m&#97;&#105;&#x6c;&#x74;&#x6f;:&#98;&#97;&#x73;&#x61;&#x72;-a&#105;&#x7a;&#x65;&#x40;gm&#120;&#46;&#x64;&#x65;\">&#x62;&#x61;&#115;&#97;r-&#x61;&#x69;&#x7a;&#101;&#64;g&#x6d;&#x78;&#x2e;&#100;&#101;<\/a><\/strong><\/p>\n\n\n\n<p style=\"font-size:24px\"><\/p>\n\n\n\n<p style=\"font-size:24px\"><strong>Second-Hand-Basar:<\/strong><br>Nach der langen Covid-Pause nun wieder ein Fr\u00fchjahrsbasar:<\/p>\n\n\n\n<p><\/p>\n\n\n\n<p class=\"has-text-align-center\" style=\"font-size:24px\"><strong>Samstag, 11. M\u00e4rz 2023<br>9:30 bis 12:00 Uhr<br>Erlentalhalle \u00d6tisheim <\/strong><\/p>\n\n\n<div class=\"wp-block-image\">\n<figure class=\"alignright size-large\"><img loading=\"lazy\" decoding=\"async\" width=\"181\" height=\"137\" src=\"http:\/\/bigband-oetisheim.de\/wp-content\/uploads\/2018\/10\/basarmaennle.gif\" alt=\"\" class=\"wp-image-99\"\/><\/figure><\/div>\n\n\n<p>Dann wird es wieder wir gewohnt sein: <\/p>\n\n\n\n<p>Tischbasar mit Verkauf in Eigenregie<\/p>\n\n\n\n<p>Wenn Sie Ihre\nWare selbst anbieten m\u00f6chten, besteht bei uns die M\u00f6glichkeit, einen Tisch\nanzumieten. <strong><\/strong><\/p>\n\n\n\n<ul class=\"wp-block-list\">\n<li>In einem Teil der Erlentalhalle stehen max. 60Tische (180cm x 70\ncm) zu je <strong>10.-\u20ac Tischmiete<\/strong>.<\/li>\n<\/ul>\n\n\n\n<ul class=\"wp-block-list\">\n<li>Wenn Sie einen Tisch reservieren m\u00f6chten, schreiben Sie uns im<strong>  umgehend<\/strong> eine E-Mail an: <br><a href=\"mailto:basar-aize&#64;gmx&#46;de\"><strong>&#98;&#x61;&#115;&#x61;r&#x2d;a&#105;&#x7a;&#101;&#x40;&#103;&#x6d;x&#x2e;d&#101;<\/strong><\/a><\/li>\n\n\n\n<li>In der Regel hat es gen\u00fcgend Platz, um einen kleinen Kleiderst\u00e4nder oder einen Kinderwagen neben dem Tisch aufzustellen.<\/li>\n\n\n\n<li><strong>Einlass<\/strong> f\u00fcr alle Verk\u00e4ufer ist ab 8.30 Uhr. <\/li>\n\n\n\n<li>Der Verkauf beginnt um 9.30 Uhr.<\/li>\n\n\n\n<li>Der Eingang ist ebenerdig, Parkpl\u00e4tze sind ausreichend vorhanden.<\/li>\n\n\n\n<li>In unserem Basar-Caf\u00e9 im Foyer der\nErlentalhalle hei\u00dfen wir Sie herzlich willkommen.<\/li>\n<\/ul>\n\n\n\n<ul class=\"wp-block-list\">\n<li>Der Basar endet um 12.00 Uhr. Wir\nm\u00f6chten Sie bitten, Ihren Tisch zu s\u00e4ubern und M\u00fcll zu entsorgen, bevor Sie die\nHalle verlassen.<\/li>\n<\/ul>\n\n\n\n<p>Auf Ihren\nBesuch freut sich das BasarTeamAize der Musikfreunde \u00d6tisheim e.V.!<\/p>\n\n\n\n<p>Kontakt: <a href=\"http:&#x2f;&#47;&#x77;&#x77;&#119;&#x2e;&#98;a&#x73;&#97;r&#x2d;&#97;i&#x7a;&#101;&#64;&#x67;&#109;&#x78;&#x2e;&#100;&#x65;\">basa&#114;&#45;&#97;&#105;&#122;&#101;&#64;&#x67;&#x6d;&#x78;&#x2e;&#x64;&#x65;<\/a><\/p>\n\n\n\n<p><\/p>\n\n\n\n<hr class=\"wp-block-separator has-css-opacity\"\/>\n\n\n\n<p style=\"font-size:18px\"><strong>Liebe HelferInnen, liebe Verk\u00e4uferInnen, liebe K\u00e4uferInnen,<\/strong><\/p>\n\n\n\n<p>ab dem Jahr 2020 wird es <strong>keinen Listenverkauf und somit\nkeinen Kommissionsbasar mehr<\/strong> geben. F\u00fcr Ihre\/Eure Treue, Hilfe und\nUnterst\u00fctzung in den letzten 12 Jahren m\u00f6chten wir uns hiermit ganz herzlich\nbedanken.<\/p>\n\n\n\n<p>Damit Ihr nicht ganz auf den Second-Hand-Basar in Aize\nverzichten m\u00fcsst, wird es aber weiterhin den <strong>Tischbasar <\/strong>geben, im\ngro\u00dfen Hallenteil, mit mehr Tischen. Das BasarCaf\u00e9 wird ebenfalls weiterhin zum\nVerweilen einladen.<\/p>\n\n\n\n<p>Deshalb jetzt schon vormerken: <strong>Am 11. M\u00e4rz 2023 von 9.30 bis 12.00 Uhr<\/strong> hei\u00dft es wieder: <\/p>\n\n\n<div class=\"wp-block-image\">\n<figure class=\"aligncenter size-large\"><img loading=\"lazy\" decoding=\"async\" width=\"181\" height=\"137\" src=\"http:\/\/bigband-oetisheim.de\/wp-content\/uploads\/2018\/10\/basarmaennle.gif\" alt=\"\" class=\"wp-image-99\"\/><\/figure><\/div>\n\n\n<p>Euer BasarAizeTeam Andrea, Claudia und Matilde<\/p>\n\n\n\n<p style=\"font-size:30px\"><strong>Second-Hand-Basar: <\/strong><br>Nach der coronabedingten Absage der Second-Hand-Basare 2020 bis 2021 konnten wir dieses Jahr im September endlich wieder mit einem neuen Basar durchstarten.<strong> <\/strong><\/p>\n\n\n\n<p><\/p>\n\n\n\n<p><\/p>\n\n\n\n<p><\/p>\n\n\n\n<figure class=\"wp-block-image\"><img loading=\"lazy\" decoding=\"async\" width=\"181\" height=\"137\" src=\"http:\/\/bigband-oetisheim.de\/wp-content\/uploads\/2018\/10\/basarmaennle.gif\" alt=\"\" class=\"wp-image-99\"\/><\/figure>\n\n\n\n<p><strong>So wirds dann vielleicht 2023 wieder sein:<\/strong><\/p>\n\n\n\n<p>Tischbasar mit Verkauf in Eigenregie<\/p>\n\n\n\n<p>Wenn Sie Ihre\nWare selbst anbieten m\u00f6chten, besteht bei uns die M\u00f6glichkeit, einen Tisch\nanzumieten. <strong><\/strong><\/p>\n\n\n\n<ul class=\"wp-block-list\">\n<li>In einem Teil der Erlentalhalle stehen max. 60Tische (180cm x 70<br>cm) zu je <strong>10.-\u20ac Tischmiete<\/strong>.<\/li>\n<\/ul>\n\n\n\n<ul class=\"wp-block-list\">\n<li>Wenn Sie einen Tisch reservieren m\u00f6chten, schreiben Sie uns im Zeitraum im <strong>September 2020<\/strong> eine E-Mail an: <a href=\"&#109;&#x61;i&#x6c;&#x74;&#111;&#x3a;b&#x61;&#x73;&#97;&#x72;-&#x61;&#x69;&#122;&#x65;&#64;&#x67;&#x6d;&#120;&#x2e;d&#x65;\">&#98;&#x61;s&#x61;&#x72;&#45;&#x61;i&#x7a;&#x65;&#64;&#x67;m&#x78;&#x2e;&#100;&#x65;<\/a>.<\/li>\n\n\n\n<li>Wenn Sie eine <strong>Best\u00e4tigung<\/strong> f\u00fcr die Reservierung erhalten haben, m\u00fcssen Sie die Tischmiete von 10.-\u20ac pro Tisch auf unser unten genanntes Konto <strong>\u00fcberweisen<\/strong>. Erst dann ist die Reservierung <strong>g\u00fcltig<\/strong>!! <\/li>\n\n\n\n<li>Sollte innerhalb einer Woche das Geld nicht auf unserem Konto sein, wird kein Tisch f\u00fcr Sie reserviert. <\/li>\n\n\n\n<li>Die einzelnen Tische werden nach Eingang (Datum) des Geldes mit Nummern reserviert<\/li>\n\n\n\n<li>In der Regel hat es gen\u00fcgend Platz, um einen kleinen Kleiderst\u00e4nder oder einen Kinderwagen neben dem Tisch aufzustellen.<\/li>\n\n\n\n<li><strong>Einlass<\/strong> f\u00fcr alle Verk\u00e4ufer ist ab 8.30 Uhr. <\/li>\n\n\n\n<li>Der Verkauf beginnt um 9.30 Uhr f\u00fcr Schwangere, ab 10.00 Uhr startet der allgemeine Verkauf.<\/li>\n\n\n\n<li>Der Eingang ist ebenerdig, Parkpl\u00e4tze sind ausreichend vorhanden.<\/li>\n\n\n\n<li>In unserem Basar-Caf\u00e9 im Foyer der Erlentalhalle hei\u00dfen wir Sie herzlich willkommen.<\/li>\n\n\n\n<li>Der Basar endet um 12.00 Uhr. Wir m\u00f6chten Sie bitten, Ihren Tisch zu s\u00e4ubern und M\u00fcll zu entsorgen, bevor Sie die Halle verlassen.<\/li>\n<\/ul>\n\n\n\n<p>Auf Ihren\nBesuch freut sich das BasarTeamAize der Musikfreunde \u00d6tisheim e.V.!<\/p>\n\n\n\n<p>Kontakt: <a href=\"http:&#x2f;&#x2f;&#119;w&#x77;&#x2e;&#98;&#97;s&#x61;&#x72;&#45;&#97;i&#x7a;&#x65;&#64;gm&#x78;&#x2e;&#100;e\">&#119;w&#119;&#46;&#98;a&#x73;a&#x72;-&#x61;i&#x7a;e&#x40;g&#x6d;x&#x2e;d&#x65;<\/a><\/p>\n\n\n\n<p>Bankverbindung: <br><em>Musikfreunde \u00d6tisheim e.V., BasarAizeTeam<\/em><br><em>Sparkasse Pforzheim BLZ: 666 500 85<\/em><br><em>IBAN: DE61 6665 0085 0000 7623 93<\/em><br><em>Verwendungszweck: Tischmiete<\/em> <\/p>\n\n\n\n<p>www.musikfreunde-oetisheim.de <\/p>\n\n\n\n<p><\/p>\n\n\n\n<p><strong>Der n\u00e4chste Second-Hand-Basar findet im Fr\u00fchjahr 2023  statt<\/strong><\/p>\n","protected":false},"excerpt":{"rendered":"<p>Wir danken allen Freunden f\u00fcr die rege Beteiligung. Vielleicht kommt noch einmal eine Gelegenheit, dieses Format wieder aufzunehmen. Bei Interesse und f\u00fcr Anregungen schreibt eine E-Mail an: bas&#97;&#114;&#45;&#x61;&#x69;&#x7a;&#x65;&#x40;&#x67;mx&#46;&#100;&#101; Second-Hand-Basar:Nach der langen Covid-Pause nun wieder ein Fr\u00fchjahrsbasar: Samstag, 11. M\u00e4rz 20239:30 bis 12:00 UhrErlentalhalle \u00d6tisheim Dann wird es wieder wir gewohnt sein: Tischbasar mit Verkauf in&#8230;<\/p>\n","protected":false},"author":1,"featured_media":0,"parent":0,"menu_order":0,"comment_status":"closed","ping_status":"closed","template":"","meta":{"footnotes":""},"class_list":["post-107","page","type-page","status-publish","hentry"],"_links":{"self":[{"href":"http:\/\/bigband-oetisheim.de\/index.php?rest_route=\/wp\/v2\/pages\/107","targetHints":{"allow":["GET"]}}],"collection":[{"href":"http:\/\/bigband-oetisheim.de\/index.php?rest_route=\/wp\/v2\/pages"}],"about":[{"href":"http:\/\/bigband-oetisheim.de\/index.php?rest_route=\/wp\/v2\/types\/page"}],"author":[{"embeddable":true,"href":"http:\/\/bigband-oetisheim.de\/index.php?rest_route=\/wp\/v2\/users\/1"}],"replies":[{"embeddable":true,"href":"http:\/\/bigband-oetisheim.de\/index.php?rest_route=%2Fwp%2Fv2%2Fcomments&post=107"}],"version-history":[{"count":10,"href":"http:\/\/bigband-oetisheim.de\/index.php?rest_route=\/wp\/v2\/pages\/107\/revisions"}],"predecessor-version":[{"id":346,"href":"http:\/\/bigband-oetisheim.de\/index.php?rest_route=\/wp\/v2\/pages\/107\/revisions\/346"}],"wp:attachment":[{"href":"http:\/\/bigband-oetisheim.de\/index.php?rest_route=%2Fwp%2Fv2%2Fmedia&parent=107"}],"curies":[{"name":"wp","href":"https:\/\/api.w.org\/{rel}","templated":true}]}}

BasarTeamAize: nach den Wirren der Corona-Zeit haben wir uns entschlossen, den Second-Hand-Basar nicht weiter zu führen.

<p><strong>Wir danken allen Freunden für die rege Beteiligung. Vielleicht kommt noch einmal eine Gelegenheit, dieses Format wieder aufzunehmen. </strong></p>



<p><strong>Bei Interesse und für Anregungen schreibt eine E-Mail an: <br><a href="m&#97;&#105;&#x6c;&#x74;&#x6f;:&#98;&#97;&#x73;&#x61;&#x72;-a&#105;&#x7a;&#x65;&#x40;gm&#120;&#46;&#x64;&#x65;">&#x62;&#x61;&#115;&#97;r-&#x61;&#x69;&#x7a;&#101;&#64;g&#x6d;&#x78;&#x2e;&#100;&#101;</a></strong></p>



<p style="font-size:24px"></p>



<p style="font-size:24px"><strong>Second-Hand-Basar:</strong><br>Nach der langen Covid-Pause nun wieder ein Frühjahrsbasar:</p>



<p></p>



<p class="has-text-align-center" style="font-size:24px"><strong>Samstag, 11. März 2023<br>9:30 bis 12:00 Uhr<br>Erlentalhalle Ötisheim </strong></p>


<div class="wp-block-image">
<figure class="alignright size-large"><img loading="lazy" decoding="async" width="181" height="137" src="http://bigband-oetisheim.de/wp-content/uploads/2018/10/basarmaennle.gif" alt="" class="wp-image-99"/></figure></div>


<p>Dann wird es wieder wir gewohnt sein: </p>



<p>Tischbasar mit Verkauf in Eigenregie</p>



<p>Wenn Sie Ihre
Ware selbst anbieten möchten, besteht bei uns die Möglichkeit, einen Tisch
anzumieten. <strong></strong></p>



<ul class="wp-block-list">
<li>In einem Teil der Erlentalhalle stehen max. 60Tische (180cm x 70
cm) zu je <strong>10.-€ Tischmiete</strong>.</li>
</ul>



<ul class="wp-block-list">
<li>Wenn Sie einen Tisch reservieren möchten, schreiben Sie uns im<strong>  umgehend</strong> eine E-Mail an: <br><a href="mailto:basar-aize&#64;gmx&#46;de"><strong>&#98;&#x61;&#115;&#x61;r&#x2d;a&#105;&#x7a;&#101;&#x40;&#103;&#x6d;x&#x2e;d&#101;</strong></a></li>



<li>In der Regel hat es genügend Platz, um einen kleinen Kleiderständer oder einen Kinderwagen neben dem Tisch aufzustellen.</li>



<li><strong>Einlass</strong> für alle Verkäufer ist ab 8.30 Uhr. </li>



<li>Der Verkauf beginnt um 9.30 Uhr.</li>



<li>Der Eingang ist ebenerdig, Parkplätze sind ausreichend vorhanden.</li>



<li>In unserem Basar-Café im Foyer der
Erlentalhalle heißen wir Sie herzlich willkommen.</li>
</ul>



<ul class="wp-block-list">
<li>Der Basar endet um 12.00 Uhr. Wir
möchten Sie bitten, Ihren Tisch zu säubern und Müll zu entsorgen, bevor Sie die
Halle verlassen.</li>
</ul>



<p>Auf Ihren
Besuch freut sich das BasarTeamAize der Musikfreunde Ötisheim e.V.!</p>



<p>Kontakt: <a href="http:&#x2f;&#47;&#x77;&#x77;&#119;&#x2e;&#98;a&#x73;&#97;r&#x2d;&#97;i&#x7a;&#101;&#64;&#x67;&#109;&#x78;&#x2e;&#100;&#x65;">basa&#114;&#45;&#97;&#105;&#122;&#101;&#64;&#x67;&#x6d;&#x78;&#x2e;&#x64;&#x65;</a></p>



<p></p>



<hr class="wp-block-separator has-css-opacity"/>



<p style="font-size:18px"><strong>Liebe HelferInnen, liebe VerkäuferInnen, liebe KäuferInnen,</strong></p>



<p>ab dem Jahr 2020 wird es <strong>keinen Listenverkauf und somit
keinen Kommissionsbasar mehr</strong> geben. Für Ihre/Eure Treue, Hilfe und
Unterstützung in den letzten 12 Jahren möchten wir uns hiermit ganz herzlich
bedanken.</p>



<p>Damit Ihr nicht ganz auf den Second-Hand-Basar in Aize
verzichten müsst, wird es aber weiterhin den <strong>Tischbasar </strong>geben, im
großen Hallenteil, mit mehr Tischen. Das BasarCafé wird ebenfalls weiterhin zum
Verweilen einladen.</p>



<p>Deshalb jetzt schon vormerken: <strong>Am 11. März 2023 von 9.30 bis 12.00 Uhr</strong> heißt es wieder: </p>


<div class="wp-block-image">
<figure class="aligncenter size-large"><img loading="lazy" decoding="async" width="181" height="137" src="http://bigband-oetisheim.de/wp-content/uploads/2018/10/basarmaennle.gif" alt="" class="wp-image-99"/></figure></div>


<p>Euer BasarAizeTeam Andrea, Claudia und Matilde</p>



<p style="font-size:30px"><strong>Second-Hand-Basar: </strong><br>Nach der coronabedingten Absage der Second-Hand-Basare 2020 bis 2021 konnten wir dieses Jahr im September endlich wieder mit einem neuen Basar durchstarten.<strong> </strong></p>



<p></p>



<p></p>



<p></p>



<figure class="wp-block-image"><img loading="lazy" decoding="async" width="181" height="137" src="http://bigband-oetisheim.de/wp-content/uploads/2018/10/basarmaennle.gif" alt="" class="wp-image-99"/></figure>



<p><strong>So wirds dann vielleicht 2023 wieder sein:</strong></p>



<p>Tischbasar mit Verkauf in Eigenregie</p>



<p>Wenn Sie Ihre
Ware selbst anbieten möchten, besteht bei uns die Möglichkeit, einen Tisch
anzumieten. <strong></strong></p>



<ul class="wp-block-list">
<li>In einem Teil der Erlentalhalle stehen max. 60Tische (180cm x 70<br>cm) zu je <strong>10.-€ Tischmiete</strong>.</li>
</ul>



<ul class="wp-block-list">
<li>Wenn Sie einen Tisch reservieren möchten, schreiben Sie uns im Zeitraum im <strong>September 2020</strong> eine E-Mail an: <a href="&#109;&#x61;i&#x6c;&#x74;&#111;&#x3a;b&#x61;&#x73;&#97;&#x72;-&#x61;&#x69;&#122;&#x65;&#64;&#x67;&#x6d;&#120;&#x2e;d&#x65;">&#98;&#x61;s&#x61;&#x72;&#45;&#x61;i&#x7a;&#x65;&#64;&#x67;m&#x78;&#x2e;&#100;&#x65;</a>.</li>



<li>Wenn Sie eine <strong>Bestätigung</strong> für die Reservierung erhalten haben, müssen Sie die Tischmiete von 10.-€ pro Tisch auf unser unten genanntes Konto <strong>überweisen</strong>. Erst dann ist die Reservierung <strong>gültig</strong>!! </li>



<li>Sollte innerhalb einer Woche das Geld nicht auf unserem Konto sein, wird kein Tisch für Sie reserviert. </li>



<li>Die einzelnen Tische werden nach Eingang (Datum) des Geldes mit Nummern reserviert</li>



<li>In der Regel hat es genügend Platz, um einen kleinen Kleiderständer oder einen Kinderwagen neben dem Tisch aufzustellen.</li>



<li><strong>Einlass</strong> für alle Verkäufer ist ab 8.30 Uhr. </li>



<li>Der Verkauf beginnt um 9.30 Uhr für Schwangere, ab 10.00 Uhr startet der allgemeine Verkauf.</li>



<li>Der Eingang ist ebenerdig, Parkplätze sind ausreichend vorhanden.</li>



<li>In unserem Basar-Café im Foyer der Erlentalhalle heißen wir Sie herzlich willkommen.</li>



<li>Der Basar endet um 12.00 Uhr. Wir möchten Sie bitten, Ihren Tisch zu säubern und Müll zu entsorgen, bevor Sie die Halle verlassen.</li>
</ul>



<p>Auf Ihren
Besuch freut sich das BasarTeamAize der Musikfreunde Ötisheim e.V.!</p>



<p>Kontakt: <a href="http:&#x2f;&#x2f;&#119;w&#x77;&#x2e;&#98;&#97;s&#x61;&#x72;&#45;&#97;i&#x7a;&#x65;&#64;gm&#x78;&#x2e;&#100;e">&#119;w&#119;&#46;&#98;a&#x73;a&#x72;-&#x61;i&#x7a;e&#x40;g&#x6d;x&#x2e;d&#x65;</a></p>



<p>Bankverbindung: <br><em>Musikfreunde Ötisheim e.V., BasarAizeTeam</em><br><em>Sparkasse Pforzheim BLZ: 666 500 85</em><br><em>IBAN: DE61 6665 0085 0000 7623 93</em><br><em>Verwendungszweck: Tischmiete</em> </p>



<p>www.musikfreunde-oetisheim.de </p>



<p></p>



<p><strong>Der nächste Second-Hand-Basar findet im Frühjahr 2023  statt</strong></p>

<p>Wir danken allen Freunden für die rege Beteiligung. Vielleicht kommt noch einmal eine Gelegenheit, dieses Format wieder aufzunehmen. Bei Interesse und für Anregungen schreibt eine E-Mail an: bas&#97;&#114;&#45;&#x61;&#x69;&#x7a;&#x65;&#x40;&#x67;mx&#46;&#100;&#101; Second-Hand-Basar:Nach der langen Covid-Pause nun wieder ein Frühjahrsbasar: Samstag, 11. März 20239:30 bis 12:00 UhrErlentalhalle Ötisheim Dann wird es wieder wir gewohnt sein: Tischbasar mit Verkauf in&#8230;</p>
